1054940?
True
Is 741 a factor of 994354569?
True
Is 3281033728 a multiple of 49?
True
Does 313 divide 16937995?
True
Is 29943146 a multiple of 58?
False
Is 90847834 a multiple of 9?
False
Is 12 a factor of 1298489141?
False
Is 159833856 a multiple of 104?
True
Does 50 divide 370561450?
True
Is 28508766 a multiple of 11?
True
Is 710705235 a multiple of 535?
True
Does 24 divide 688825171?
False
Does 651 divide 1681838970?
True
Is 452 a factor of 374333724?
False
Does 17 divide 5636061?
True
Is 4808 a factor of 584859544?
True
Does 12 divide 3763459959?
False
Does 10 divide 16110776?
False
Does 281 divide 39910711?
True
Is 411656958 a multiple of 51?
False
Is 13 a factor of 3566082?
True
Is 18549137 a multiple of 795?
False
Is 58093798 a multiple of 18?
False
Does 124 divide 54429552?
True
Is 141 a factor of 16310758?
False
Is 933 a factor of 52865337?
False
Is 323152526 a multiple of 4?
False
Is 1126521988 a multiple of 26?
False
Is 3 a factor of 123892575?
True
Does 67 divide 60556878?
True
Is 132 a factor of 1371488844?
True
Is 1089 a factor of 160491375?
True
Is 29663421 a multiple of 849?
False
Is 8093168514 a multiple of 26?
False
Is 1536167 a multiple of 103?
False
Is 486268692 a multiple of 41?
True
Does 125 divide 738264375?
True
Is 19680946 a multiple of 827?
True
Does 4083 divide 161160093?
True
Is 6066863 a multiple of 979?
True
Is 14973772 a multiple of 113?
False
Does 513 divide 123797905?
False
Is 399 a factor of 126433125?
True
Does 5 divide 109477270?
True
Does 41 divide 28104680?
True
Is 141287851 a multiple of 309?
False
Is 6 a factor of 11451078?
True
Is 1068 a factor of 103086011?
False
Is 19825965 a multiple of 15?
True
Does 411 divide 2245269577?
False
Is 42 a factor of 9440757?
False
Is 22 a factor of 33958914?
True
Does 8 divide 42606880?
True
Is 16 a factor of 999882772?
False
Is 69 a factor of 75988941?
True
Is 3227 a factor of 406201852?
True
Is 1600 a factor of 26359326?
False
Does 4219 divide 272787644?
False
Does 212 divide 13068528?
True
Does 61 divide 2460576764?
True
Does 54 divide 56432862?
True
Is 28997933 a multiple of 32?
False
Does 109 divide 41872150?
False
Does 66 divide 12731004?
True
Is 809337428 a multiple of 68?
True
Is 469 a factor of 8233476?
False
Does 47 divide 16254510?
False
Is 508433990 a multiple of 1658?
True
Is 376031966 a multiple of 446?
True
Does 14 divide 476937958?
True
Is 425258297 a multiple of 612?
False
Is 592068576 a multiple of 32?
True
Is 3964217641 a multiple of 1819?
True
Is 172289985 a multiple of 174?
False
Is 65 a factor of 7671235?
True
Is 16 a factor of 2240317248?
True
Is 162925648 a multiple of 16?
True
Is 35 a factor of 11628699?
False
Is 3275754774 a multiple of 19?
True
Does 712 divide 84386240?
True
Does 28 divide 35267837?
False
Is 722480 a multiple of 8?
True
Is 110574829 a multiple of 25?
False
Is 165 a factor of 298093189?
False
Does 312 divide 39186888?
True
Is 38660190 a multiple of 2146?
True
Is 33 a factor of 1298510070?
True
Is 15823493 a multiple of 7?
True
Is 607 a factor of 4260702?
False
Is 1228159520 a multiple of 5152?
True
Is 34752694 a multiple of 1260?
False
Is 2591885 a multiple of 60?
False
Is 51 a factor of 656421?
True
Is 30125697 a multiple of 501?
False
Is 273993114 a multiple of 948?
False
Is 34339159 a multiple of 178?
False
Is 56803095 a multiple of 193?
False
Is 75 a factor of 34056130?
False
Is 5 a factor of 141124490?
True
Does 21 divide 838646444?
False
Is 119 a factor of 305119053?
False
Is 234 a factor of 262224527?
False
Does 18 divide 45989859?
False
Does 110 divide 2075590?
True
Is 8 a factor of 43412635?
False
Does 60 divide 413134751?
False
Is 1430305080 a multiple of 24?
True
Is 12453048 a multiple of 24?
True
Is 474 a factor of 30330312?
True
Does 207 divide 112152181?
False
Is 168981630 a multiple of 408?
False
Is 4170686 a multiple of 22?
False
Does 130 divide 79962152?
False
Is 280 a factor of 171945539?
False
Is 163251030 a multiple of 222?
True
Does 971 divide 30996262?
True
Does 8 divide 7453997?
False
Is 203533155 a multiple of 45?
True
Does 43 divide 1686244010?
False
Is 10 a factor of 21950160?
True
Does 323 divide 299074744?
True
Is 409783010 a multiple of 129?
False
Is 671477248 a multiple of 1419?
False
Does 878 divide 1822771900?
True
Does 54 divide 91643130?
True
Is 86 a factor of 203359323?
False
Is 54971856 a multiple of 116?
False
Does 3199 divide 60796182?
False
Does 6484 divide 1554655712?
True
Does 7212 divide 1360369025?
False
Is 546 a factor of 66148992?
True
Is 340 a factor of 387775528?
False
Does 17 divide 12211440?
True
Is 102 a factor of 159157595?
False
Does 6956 divide 133075236?
True
Is 1674 a factor of 109415988?
True
Does 787 divide 1567265769?
False
Does 2510 divide 690548941?
False
Does 22 divide 875412179?
False
Is 19 a factor of 77500926?
False
Is 205 a factor of 17100384?
False
Is 2787 a factor of 1463636274?
False
Is 3847699042 a multiple of 2132?
False
Does 38 divide 78924418?
False
Does 652 divide 1180095876?
True
Is 984 a factor of 207224496?
True
Is 67 a factor of 17214691?
False
Is 184 a factor of 2025499823?
False
Does 471 divide 11168961?
False
Is 24853304 a multiple of 445?
False
Is 178054797 a multiple of 118?
False
Does 11 divide 1554345?
False
Is 105 a factor of 4923487?
False
Is 4697490319 a multiple of 12743?
True
Does 9 divide 32188621?
False
Is 91439712 a multiple of 189?
True
Is 54256020 a multiple of 84?
True
Is 3237 a factor of 116939120?
False
Does 241 divide 1144847981?
False
Does 500 divide 616704770?
False
Does 20 divide 1723142260?
True
Is 56 a factor of 207649372?
False
Does 132 divide 922101811?
False
Is 30 a factor of 8459280?
True
Does 68 divide 138251140?
True
Is 186 a factor of 101772517?
False
Does 50 divide 39373195?
False
Is 10457810 a multiple of 4?
False
Does 93 divide 10259556?
False
Is 4829 a factor of 1224392950?
True
Does 328 divide 247799619?
False
Is 33966971 a multiple of 297?
False
Is 893117763 a multiple of 624?
False
Is 701582364 a multiple of 21?
True
Is 16640553 a multiple of 1187?
True
Does 730 divide 39967128?
False
Does 18 divide 13515986?
False
Does 57 divide 24235013?
False
Is 528167949 a multiple of 42?
False
Is 26124627 a multiple of 20?
False
Is 503691841 a multiple of 276?
False
Is 240876531 a multiple of 9?
True
Does 8 divide 233076440?
True
Is 186 a factor of 21305783?
False
Does 56 divide 263859805?
False
Is 99415913 a multiple of 216?
False
Is 8 a factor of 147607057?
False
Is 54140565 a multiple of 19?
False
Is 261585715 a multiple of 299?
False
Is 85960436 a multiple of 82?
True
Is 27198558 a multiple of 6?
True
Is 41 a factor of 33270397?
False
Is 95 a factor of 91803630?
True
Is 145 a factor of 226548404?
False
Is 861235928 a multiple of 163?
True
Is 7 a factor of 120511979?
True
Is 37 a factor of 12218732?
True
Is 576 a factor of 120147733?
False
Is 1294 a factor of 396060027?
False
Is 947 a factor of 21531939?
True
Does 50 divide 34459800?
True
Is 141067388 a multiple of 14?
True
Does 8 divide 1201960?
True
Does 84 divide 18339571?
False
Is 13748196 a multiple of 7?
True
Is 217887768 a multiple of 56?
True
Is 355 a factor of 35982399?
False
Is 689756796 a multiple of 654?
True
Is 254125440 a multiple of 2?
True
Is 2582 a factor of 465099427?
False
Is 12716424 a multiple of 56?
True
Does 28 divide 1529420365?
False
Is 13 a factor of 163553234?
True
Does 184 divide 117592354?
False
Is 33 a factor of 73257846?
False
Is 48 a factor of 859609200?
True
Does 14 divide 118479419?
False
Is 10 a factor of 35845970?
True
Is 478 a factor of 13943835?
False
Is 4022 a factor of 1071372316?
True
Is 12 a factor of 12518613?
False
Is 325 a factor of 164320325?
True
Does 7 divide 87895605?
True
Does 27 divide 840628233?
True
Is 30 a factor of 701434802?
False
Does 13 divide 175350461?
True
Is 50 a factor of 858803322?
False
Does 24 divide 11772458?
False
Is 20 a factor of 469363680?
True
Does 153 divide 62019364?
False
Is 83304300 a multiple of 3911?
True
Is 1373 a factor of 66028118?
False
Is 29357281 a multiple of 8?
False
Does 154 divide 1778824?
False
Is 1203206300 a multiple of 100?
True
Does 186 divide 3939666?
True
Is 8 a factor of 6020758?
False
Does 1786 divide 1039464502?
True
Is 99840192 a multiple of 2648?
True
Is 69 a factor of